ative of -j**4/6 - 29*j**3/6 - 6*j**2 - 6. Let x(t) = 3*t + 20. Let n(v) = -5*d(v) - 7*x(v). What is n(0)?
5
Suppose -2*h + 6 = 0, -676 = -16*v + 12*v + 4*h. Let r = -165 + v. Let t(j) = -j**2 + 8*j + 2. Determine t(r).
9
Suppose -2*w - 4*z - 8 = 2*w, 35 = 5*w - 4*z. Let y(t) = -4*t - 40 + 41 + w*t. What is y(-3)?
4
Let i = 108 - 81. Let w(y) = 51*y**3 - 25*y**3 - 3*y**2 - i*y**3 + 5*y + 1. Let j(o) = o**3 + 11*o**2 + 11*o + 6. Let q be j(-10). Give w(q).
-3
Let t = -846 - -849. Let x(j) be the third derivative of 0*j - 1/3*j**4 + 0 - 5/6*j**t - 1/60*j**5 - 30*j**2. What is x(-6)?
7
Let j = -65 + 81. Suppose 10 = -j*s + 21*s. Let u(w) = -w - 11 + 3*w + s - 4*w. Calculate u(-6).
3
Let h(w) = -w + 5. Let x be h(8). Let j(k) = -21*k**3 + 3*k**2 + 37*k + 2. Let c(m) = -2*m**3 + 3*m. Let z(g) = 11*c(g) - j(g). Give z(x).
10
Let g(d) = 63*d**2 - 12*d + 4. Let n(v) = 84*v**2 - 16*v + 5. Let p(q) = 11*g(q) - 8*n(q). What is p(2)?
80
Suppose 0 = 8*d - 4*d + 4*h, 15 = d - 4*h. Let i(y) = y**3 - 2*y**2 + 3*y + 5. What is i(d)?
23
Let b(d) = -d**3 - 10*d**2 - 14*d + 19. Let a be b(-8). Suppose a*v + 24 = 11*v. Let k(z) = -95*z**2 - z**v - 2*z + 2 + 2 + 101*z**2 + z. Give k(6).
-2
Let a(k) = 2*k**2 - k + 15. Suppose 0 = 3*p - 5*w + 15, w = -3*p + 10 - 7. What is a(p)?
15
Let v = -17 + 19. Suppose v*o + 2*o + 22 = 2*d, 4*d - 5*o - 32 = 0. Let k(u) be the third derivative of -u**4/8 + 2*u**3/3 + 9*u**2. What is k(d)?
-5
Let t(j) be the first derivative of -19*j**7/840 - j**6/360 + j**5/120 + j**4/24 + 2*j**3 - 2*j - 78. Let n(a) be the third derivative of t(a). Determine n(-1).
18
Let s(b) = b**3 - b**2 - 3*b - 4. Let a = -235 + 238. Suppose 0 = a*q - 9, i + 5*q - 9 = 3*i. What is s(i)?
5
Let h be 2/8 + (-6)/(-48)*54. Let m be ((h - -1)/2)/(172/86). Let d(x) = -7*x**2 + 2*x + 1. Give d(m).
-23
Let r(b) = -b - 19. Suppose -5*c = -5*g - 95, -5*c + 9 = g - 32. Determine r(c).
-29
Let y(m) = 65 + 16*m**2 + 4*m - 3279488*m**3 + 3279487*m**3 + 9*m. Give y(17).
-3
Let j(v) be the first derivative of 14*v + 7/6*v**3 + 1/2*v**2 - 1/12*v**4 - 16. Let g(n) be the first derivative of j(n). Determine g(6).
7
Let f(z) = 9*z**3 + 5*z**2 - 2*z - 11. Suppose -11*g - 2*g + 39 = 0. Let n(d) = -4*d**3 - 3*d**2 + 5. Let l(s) = g*f(s) + 7*n(s). What is l(-5)?
7
Let l(j) = 29*j**2 + j + 1. Let u(i) = 144*i**2 - 8*i - 53. Let t(h) = 5*l(h) - u(h). What is t(-6)?
16
Let o = -4526 - -4533. Let m(v) = 5*v**2 - 5*v**2 - 7*v**2 + v**3 - 4 - 2*v. Determine m(o).
-18
Suppose 0 = v + 2 - 8. Let m be (v/(-21))/((-2)/(-14) - 0). Let t(n) = 2*n**3 + 4*n**2 - 2 - 3*n - 2*n**2 - n**3. Determine t(m).
4
Suppose -5*s - 25 = 3*l, -3*s = -2*l + 128 - 113. Let o(j) = 12*j + 34 - 12 + 30. Let i be o(s). Let d(v) = -v**3 - 9*v**2 - 7*v + 1. Calculate d(i).
-7
Let c(d) = -2*d**3 + 20*d**2 + 22*d - 2. Let l = -793 - -804. Give c(l).
-2
Let n(c) be the first derivative of -17/3*c**3 + 173 + 1/4*c**4 - 9*c**2 - 3*c. What is n(18)?
-3
Let p(r) = -10*r**2 - 25*r - 7. Let x(w) = -3*w**2 - 8*w - 2. Let z = 23 + -25. Let t(o) = z*p(o) + 7*x(o). Determine t(-5).
5
Let h(c) be the second derivative of 0 + 8*c**2 + 1/120*c**6 + 0*c**3 + 19*c + 7/60*c**5 - 1/24*c**4. Let y(l) be the first derivative of h(l). What is y(-7)?
7
Let x(i) = i**3 - 3*i**2 + 2*i. Let g(c) = -c + 32. Let f(o) = o**3 - 11*o**2 + 30*o - 18. Let z be f(8). Let w be g(z). Determine x(w).
0
Let r(i) be the third derivative of -11*i**4/12 - 29*i**3/2 - 5981*i**2. What is r(-4)?
1
Let f(v) = -4*v**2 + 2*v + 3. Let u = 220 - 118. Let m = -104 + u. Calculate f(m).
-17
Suppose -20*d - 36*d + 268 = 11*d. Let m(g) be the second derivative of -g**4/12 + 2*g**3/3 + g**2/2 - g. What is m(d)?
1
Let b(m) = 7*m**2 - 68*m + 63. Let d(h) = 2*h**2 - 21*h + 21. Let t(u) = 3*b(u) - 10*d(u). Give t(-15).
114
Let y(h) = 19*h + 681. Let n(k) = 5*k + 182. Let g(v) = -15*n(v) + 4*y(v). Give g(7).
1
Suppose -422*c + 299*c = 369. Let x(a) = a**3 - 2*a + 4. What is x(c)?
-17
Let z be 2/(-2 - (-39)/9)*7. Let n be 12/z*-2*(-1)/(-1). Let l(m) = -m**2 - 2*m - 3. Calculate l(n).
-11
Suppose 0 = 331*n + 1625 + 692. Let c(d) = -2*d**2 - 5*d + 24. Give c(n).
-39
Let a(s) be the second derivative of -s**4/12 + s**3/6 + 3*s**2 + 38*s. Let p(c) = 5*c**2 - 134*c - 21. Let g be p(27). Calculate a(g).
-24
Let l(r) be the third derivative of -9*r**6/40 - r**5/30 + r**4/8 - r**3/6 - 447*r**2. Determine l(1).
-27
Let p(k) be the first derivative of -1/24*k**4 - 1/20*k**5 + 0*k**2 + 0*k - 46 - 13*k**3. Let x(d) be the third derivative of p(d). What is x(-1)?
5
Let v(y) = -72*y - 30. Let h(a) = -7*a - 3. Let k(l) = -21*h(l) + 2*v(l). Suppose 2*i + 3*i = 25. Calculate k(i).
18
Let q(v) = 2*v**2 - 7*v - 4. Let p be (-22)/((-330)/135) + -3. Determine q(p).
26
Let o = -2 - 3. Let f(t) = t. Let g(p) = p**3 + 4*p**2 - 2*p + 1. Suppose -63 + 27 = 12*q. Let j(s) = q*f(s) + g(s). Give j(o).
1
Suppose 6 = 2*c, -c - 17 = -2*x + 8. Suppose 0 - x = -2*u. Let r(v) = 2*v - 11. Let l be r(u). Let g(n) = n**3 - 5*n**2 + 3*n - 1. Determine g(l).
-10
Suppose -67*b + 60*b - 70 = 0. Let c(x) = -12*x - 123. What is c(b)?
-3
Let w(h) be the second derivative of h**3/3 - h**2 - h. Suppose t - 3*p - 6 = -2, -4*t - 3*p = -46. Suppose 2*y - 2*f - 6 = -3*f, -5*f = t. What is w(y)?
6
Let s(z) = -z**2 + 5. Let f be (1 - 1) + 27/(-9). Let v(b) be the first derivative of b**3/3 + 3*b**2 + 4*b + 74. Let i be v(f). What is s(i)?
-20
Let t(d) = -10*d + 3. Let a = 4431 + -4428. Calculate t(a).
-27
Let s(u) = u - 19. Suppose -47*d - 229*d + 1932 = 0. Determine s(d).
-12
Let s(n) be the first derivative of n**3/3 - 3*n**2 - 3*n + 24. Suppose j = h - 12, 3*h - 12 = 4*h + 5*j. Give s(h).
13
Let d(c) = -12*c**3 - 3*c**2 + 9*c + 5. Let p be d(-2). Suppose 21 = -23*n - p. Let z(a) = a**2 + 4*a - 2. Determine z(n).
-2
Let r(l) be the second derivative of l**3/6 + 3*l**2/2 - l. Let f(u) = -32*u + 1384. Let h be f(43). What is r(h)?
11
Let y(q) = q**3 - 10*q**2 + 20*q + 40. Let l be y(6). Suppose 4*u - 9 = 3. Let r(b) = 3*b**3 - 19 + l - 5*b + u*b**2 - 2*b**3. Calculate r(-3).
12
Let p(y) = 6 + 13 - 2*y + 8 + 9 - 41. Let m = -150 - -145. Give p(m).
5
Let b(r) = -2*r**2 - 6*r - 13. Let a be (4/(-16))/((-1)/4)*-2. Let l be b(a). Let c(x) = -x**2 - 10*x + 5. Give c(l).
14
Let m(k) = 2*k**2 - 10*k + 104. Let t be m(12). Let x = t - 287. Let f(w) = -w**3 - 14*w**2 + 16*w + 8. Give f(x).
-7
Let c(r) = -r**2 + 4*r - 4. Let q be c(4). Let t = 9 + q. Let o(n) be the second derivative of -n**4/12 + 5*n**3/6 + 5*n**2/2 - 3*n - 150. Give o(t).
5
Let h = -615 - -975. Let u be (h/150)/(8/10). Let i(p) = p**3 - 4*p**2 + 5*p - 5. Calculate i(u).
1
Let p(a) = -32*a - a**2 + 2*a**2 + 40*a + 3. Let n = 126 - 124. Suppose -11*o - 78 = n*o. Give p(o).
-9
Let f(r) = -31*r**3 - r**2 + 4*r + 3. Suppose -6*u = -6*u - 6*u - 6. Calculate f(u).
29
Let z(j) = -10*j - 32. Let n(m) = m**2 + 12*m. Let f(q) = n(q) + z(q). Calculate f(0).
-32
Let x(b) be the first derivative of -3*b**2/2 - 8*b - 3193. What is x(-15)?
37
Suppose 0 = 549*a - 548*a - 4. Let s(c) = -1 - 20*c + a + 41*c - 17*c + 5*c**2. Determine s(-2).
15
Let c(w) = -11*w - 1. Let i(d) = 3*d - 2. Let h(n) = -c(n) - 2*i(n). Determine h(2).
15
Suppose 3 - 9 = -2*h. Let r(p) be the first derivative of 4*p + 4 + 2 + 0 - h + p**2. Calculate r(-4).
-4
Suppose 4732 = 5*j + 4642. Let h(m) = m**2 - 28*m + 187. What is h(j)?
7
Let b(v) = 5*v + v**2 - v - 69 + 30 - 8*v. What is b(-5)?
6
Let w(f) = 3 - 7*f**2 + 7*f - 2 - 5 + 2 + f**3. Suppose 5*o - 34 = -4*k - 8, -k = 2*o - 11. Calculate w(o).
4
Let g(u) = 227 - 4*u**3 - 230 - 19*u**2 + 3*u**3 + 3*u - 6*u + 36*u**2 - 13*u**2. Suppose 4*s = s + 9. Determine g(s).
-3
Let z(i) = -8 + 9 + 13*i - 18 - i**2 + 8. What is z(18)?
-99
Let a(s) = -s**3 + 5*s**2 - 3*s + 2. Suppose -50*j - j - 95*j = -730. What is a(j)?
-13
Let a(q) = -3*q + 4. Let n(m) = -8*m + 11. Let x(t) = 11*a(t) - 4*n(t). Let i(b) = b + 1. Suppose -9*g + 6 = -3*g. Let v(w) = g*i(w) + 3*x(w). Calculate v(6).
-11
Let i = -8267 - -8281. Let n(h) = -5*h + 99. Give n(i).
29
Let w(u) = -u + 3. Let q(o) = -o. Let h(c) = -20*c - 127. Let p(j) = h(j) + 2*q(j). Let t be p(-6). Calculate w(t).
-2
Let m(i) = -13*i**2 + 217*i - 736. Let h be m(12). Let d(o) = 0*o + 3*o + 0*o + 6 - o**2. Give d(h).
-22
Let p(y) = 